{"id":231,"date":"2016-01-04T15:33:00","date_gmt":"2016-01-04T14:33:00","guid":{"rendered":"http:\/\/www.baby-uni.at\/wordpress\/?page_id=231"},"modified":"2025-05-07T16:10:02","modified_gmt":"2025-05-07T14:10:02","slug":"links","status":"publish","type":"page","link":"https:\/\/www.baby-uni.at\/wordpress\/links\/","title":{"rendered":"Links"},"content":{"rendered":"<table border=\"0\" width=\"1007\" cellspacing=\"0\" cellpadding=\"0\" align=\"center\" bgcolor=\"#FFFFFF\">\n<tbody>\n<tr>\n<td class=\"header1\" colspan=\"5\" align=\"center\" valign=\"middle\" bgcolor=\"#FFFFFF\"><span style=\"color: #970600;\"><strong>L I N K S<\/strong><\/span><img loading=\"lazy\" decoding=\"async\" class=\"attachment-60x60\" src=\"http:\/\/www.baby-uni.at\/wordpress\/wp-content\/uploads\/besusstseinsb05.jpg\" alt=\"\" width=\"114\" height=\"114\" \/><\/p>\n<p class=\"header1\" style=\"text-align: left;\"><span style=\"color: #993300;\"><strong><span style=\"color: #970600;\">Pikler-P\u00e4dagogik<\/span><br \/>\n<\/strong><span class=\"textfont\"><span class=\"textfont\"><span style=\"color: #d60606;\"><a style=\"color: #d60606;\" href=\"http:\/\/www.pikler-hengstenberg.at\" target=\"_blank\" rel=\"noopener\">www.pikler-hengstenberg.at<\/a><\/span><\/span><\/span><span class=\"textfont\" style=\"color: #333333;\"><span class=\"textfont\"><span class=\"textfont\"><br \/>\n<span style=\"color: #d60606;\"><a style=\"color: #d60606;\" href=\"http:\/\/www.pikler.hu\/\" target=\"_blank\" rel=\"noopener\">www.pikler.hu<\/a> <\/span>Pikler-Loczy Association for Young Children, Budapest, auch auf Deutsch &#8211; siehe rechte Seite weiter untenPikler-Loczy Association for Young Children, Budapest, auch auf Deutsch &#8211; siehe rechte Seite weiter unten<\/span><\/span><\/span><\/span><\/p>\n<p class=\"header1\" style=\"text-align: left;\"><span style=\"color: #970600;\"><strong>Montessori-P\u00e4dagogik und Freies Lernen<\/strong><\/span><br \/>\n<span class=\"textfont\"><span style=\"color: #993300;\"><span class=\"textfont\" style=\"color: #333333;\"><span style=\"color: #d60606;\"><a style=\"color: #d60606;\" href=\"http:\/\/www.ifgl.de\" target=\"_blank\" rel=\"noopener\">www.ifgl.de<\/a><\/span> Claus Dieter Kaul, Institut f\u00fcr ganzheitliches Lernen, Montessori-Ausbildung<\/span><\/span><span class=\"textfont\"><br \/>\n<span class=\"textfont\"><span style=\"color: #d60606;\"><a style=\"color: #d60606;\" href=\"http:\/\/www.andrestern.com\/\" target=\"_blank\" rel=\"noopener\">www.andrestern.com<\/a> <span style=\"color: #333333;\">und viele interessante Videos von Andre Stern, der nie eine Schule besuchte, seinen Vortr\u00e4gen und Interviews gibt es auf\u00a0<\/span><a style=\"color: #d60606;\" href=\"http:\/\/www.youtube.com\" target=\"_blank\" rel=\"noopener\">www.youtube.com<\/a><\/span><\/span><\/span><\/span> <span class=\"textfont\"><span class=\"textfont\"><span class=\"textfont\"><span style=\"color: #d60606;\"><br \/>\n<a style=\"color: #d60606;\" href=\"http:\/\/www.gerald-huether.de\/\" target=\"_blank\" rel=\"noopener\">www.gerald-huether.de<\/a> <span style=\"color: #333333;\">es gibt viele interessante Interviews und Vortragsausschnitte des Neurobiologen auf<\/span> <a style=\"color: #d60606;\" href=\"http:\/\/www.youtube.com\" target=\"_blank\" rel=\"noopener\">www.youtube.com<\/a><\/span><\/span><\/span><\/span><\/p>\n<p class=\"header1\" style=\"text-align: left;\"><span style=\"color: #970600;\"><strong>Eltern-Bildung<\/strong><\/span><br \/>\n<span class=\"textfont\"><span style=\"color: #d60606;\"><a style=\"color: #d60606;\" href=\"http:\/\/www.naomialdort.com\/\" target=\"_blank\" rel=\"noopener\">www.naomialdort.com<\/a><\/span><span class=\"textfont\"> Naomi Aldort \u201eVon der Erziehung zur Einf\u00fchrung \u2013 Wie Eltern und Kinder gemeinsam wachsen k\u00f6nnen\u201c<\/span><br \/>\n<\/span><span class=\"textfont\"><span style=\"color: #d60606;\"><a style=\"color: #d60606;\" href=\"http:\/\/www.beziehungswerkstatt.at\/\" target=\"_blank\" rel=\"noopener\">www.beziehungswerkstatt.at;<\/a><\/span> <span style=\"color: #d60606;\"><a style=\"color: #d60606;\" href=\"http:\/\/www.partnerschule.at\/tp4_7_0\/start.html\" target=\"_blank\" rel=\"noopener\">www.partnerschule.at<\/a> <\/span>von Enja Michaela und Walter Kytir, f\u00fcr eine gelungene Beziehung; Geht es den Eltern miteinander gut, f\u00fchlen sich auch die Kinder wohl!<br \/>\n<a href=\"https:\/\/www.boesels.at\"><span style=\"color: #d60606;\">www.boesels<\/span><span style=\"color: #d60606;\">.at <\/span><\/a>von Sabine und Roland, f\u00fcr eine gelungene Beziehung; Geht es den Eltern miteinander gut, f\u00fchlen sich auch die Kinder wohl!<br \/>\n<span style=\"color: #d60606;\"><a style=\"color: #d60606;\" href=\"http:\/\/www.familylab.at\" target=\"_blank\" rel=\"noopener\">www.familylab.at<\/a><\/span> Jesper Juul, Mag. Claudia Buchanan<br \/>\n<span style=\"color: #d60606;\"><a style=\"color: #d60606;\" href=\"http:\/\/www.originalplay.eu\" target=\"_blank\" rel=\"noopener\">www.originalplay.eu<\/a> <\/span><span class=\"textfont\">Dr. Fred O. Donaldson, Urspr\u00fcngliches Spiel<\/span><\/span><\/p>\n<\/td>\n<\/tr>\n<tr>\n<td colspan=\"3\" align=\"center\" bgcolor=\"#FFFFFF\"><a href=\"http:\/\/baby-uni.at\/links.htm#\"><img loading=\"lazy\" decoding=\"async\" src=\"http:\/\/baby-uni.at\/img\/linksba01.jpg\" alt=\"\" width=\"180\" height=\"180\" name=\"Image18\" border=\"0\" \/><\/a><a href=\"http:\/\/baby-uni.at\/links.htm#\"><img loading=\"lazy\" decoding=\"async\" src=\"http:\/\/baby-uni.at\/img\/linkssa01.jpg\" alt=\"\" width=\"120\" height=\"120\" name=\"Image19\" border=\"0\" \/><\/a><\/p>\n<p class=\"textfont\" style=\"text-align: center;\">F\u00fcr alle Links gilt: Ich habe keinerlei Einfluss auf die aktuelle und\/oder zuk\u00fcnftige Gestaltung und auf die Inhalte der gelinkten Seiten. Daher \u00fcbernehme ich keine Verantwortung f\u00fcr deren Inhalt und auch nicht f\u00fcr die Inhalte der gelinkten Seiten,<br \/>\nzu denen sie f\u00fchren.<\/p>\n<\/td>\n<td colspan=\"5\" rowspan=\"2\" valign=\"top\" bgcolor=\"#FFFFFF\"><\/td>\n<\/tr>\n<\/tbody>\n<\/table>\n","protected":false},"excerpt":{"rendered":"<p>L I N K S Pikler-P\u00e4dagogik www.pikler-hengstenberg.at www.pikler.hu Pikler-Loczy Association for Young Children, Budapest, auch auf Deutsch &#8211; siehe rechte Seite weiter untenPikler-Loczy Association for Young Children, Budapest, auch auf Deutsch &#8211; siehe rechte Seite weiter unten Montessori-P\u00e4dagogik und Freies &hellip; <a href=\"https:\/\/www.baby-uni.at\/wordpress\/links\/\">Weiterlesen <span class=\"meta-nav\">&rarr;<\/span><\/a><\/p>\n","protected":false},"author":1,"featured_media":0,"parent":0,"menu_order":7,"comment_status":"closed","ping_status":"closed","template":"","meta":{"footnotes":""},"class_list":["post-231","page","type-page","status-publish","hentry"],"_links":{"self":[{"href":"https:\/\/www.baby-uni.at\/wordpress\/wp-json\/wp\/v2\/pages\/231","targetHints":{"allow":["GET"]}}],"collection":[{"href":"https:\/\/www.baby-uni.at\/wordpress\/wp-json\/wp\/v2\/pages"}],"about":[{"href":"https:\/\/www.baby-uni.at\/wordpress\/wp-json\/wp\/v2\/types\/page"}],"author":[{"embeddable":true,"href":"https:\/\/www.baby-uni.at\/wordpress\/wp-json\/wp\/v2\/users\/1"}],"replies":[{"embeddable":true,"href":"https:\/\/www.baby-uni.at\/wordpress\/wp-json\/wp\/v2\/comments?post=231"}],"version-history":[{"count":32,"href":"https:\/\/www.baby-uni.at\/wordpress\/wp-json\/wp\/v2\/pages\/231\/revisions"}],"predecessor-version":[{"id":2453,"href":"https:\/\/www.baby-uni.at\/wordpress\/wp-json\/wp\/v2\/pages\/231\/revisions\/2453"}],"wp:attachment":[{"href":"https:\/\/www.baby-uni.at\/wordpress\/wp-json\/wp\/v2\/media?parent=231"}],"curies":[{"name":"wp","href":"https:\/\/api.w.org\/{rel}","templated":true}]}}